-3*z + 0*h = h - 4, -4*z + 8 = 4*h. Let p(m) = -2 + 0 + m + z - 3. Give p(w).
-1
Let j(m) = -m**3 - 2*m**2 - m - 1. Let l be (-7 + 5)*(-2)/(-4). Give j(l).
-1
Let v(b) be the first derivative of 10*b**3/3 + b**2/2 - b - 22. Calculate v(1).
10
Suppose 14 - 2 = -4*j. Let o(z) = z**3 + 3*z**2 - z + 1. Let m be o(j). Suppose -5*p + 8 = 3*y, m*y - p = 21 + 5. Let u(a) = 2*a - 5. What is u(y)?
7
Let x(r) be the second derivative of r**5/20 - 3*r**4/4 + 3*r**3/2 - 4*r**2 - 23*r. Calculate x(8).
0
Let t = -5 - 1. Let g(j) = -7*j**2 + j**3 + 9 - 1 + 13*j**2. Give g(t).
8
Let c(i) = i**3 + 7*i**2 - 3*i + 10. Let u(x) = -x**2 - x - 1. Let z = 3 + -1. Let s(r) = z*u(r) + c(r). What is s(-6)?
2
Suppose -87 + 67 = 5*k. Let m(l) = -l**3 - 6*l**2 - 5*l - 2. Determine m(k).
-14
Let y(h) be the third derivative of 0 + 2/3*h**3 - 1/120*h**5 - 4*h**2 - 1/24*h**4 + 0*h. Let s(g) be the first derivative of y(g). Calculate s(-2).
1
Let l(u) = -7*u**3 - 7*u + 4. Suppose 2 = c - 3. Let w(a) = -10*a**3 - 10*a + 6. Let v(k) = c*w(k) - 7*l(k). Calculate v(0).
2
Let f(q) = -21*q + 1. Let p = 13 + -12. Give f(p).
-20
Suppose -3*j + z + 2 = 0, 5*j - z - 4 = -2. Let c(n) = -n**3 + n**2 - 6. Determine c(j).
-6
Let z(d) = 173 + 172 + 2*d**2 - 346. Determine z(2).
7
Let z = -68 - -62. Suppose 12 - 4 = x. Let l(d) = -2 - d**2 - 6 - x*d + 0. Determine l(z).
4
Let z(r) = -2*r + 1. Let o be 2 - (1/(-1) - -4). What is z(o)?
3
Let w(n) = -n**2. Let j(s) = 7*s**2 + s + 1. Let p(b) = j(b) + 2*w(b). Let l(d) be the first derivative of p(d). Let q be (-7 + 6)*(2 + -1). Determine l(q).
-9
Let v(q) be the second derivative of -1/12*q**4 - 5/2*q**2 + 2*q + 0 + 7/6*q**3. What is v(5)?
5
Let u(g) = -6*g + 5 + 0 - 2 - 2 - g**2. What is u(-6)?
1
Suppose n = -4*k + 20, n + 9 = 3*k + 1. Let t(a) = 5 + 3*a - n + 9*a**3 - 8*a**3 + 2*a**2. Determine t(-2).
-5
Let o(l) = -l**3 - 5*l**2 - 3*l - 1. Suppose -5*q + 0 = 100. Let k be q/6 - (-3)/9. Let z be -3*2*(-2)/k. Determine o(z).
-5
Let r(b) = -b + 5. Let q be (-836)/(-55) + 2/(-10). Suppose 5*l = 17 + 3. Suppose -l*h = -5*n + 25, n - 2*h = 4*n - q. Give r(n).
0
Let u(q) = q + 1. Let o = 41 - 23. Let x be o/(-4) + (-12)/(-8). Determine u(x).
-2
Let f(i) = 3*i**3 - 25. Let u(l) = -2*l**3 + 12. Let k(t) = 3*f(t) + 5*u(t). What is k(0)?
-15
Let r(g) = 0 + 2 - 6*g - 22*g**2 + 24*g**2. Give r(4).
10
Let z(y) = -2*y - 2*y - 2*y + 5*y. Let j(g) = g**3 + 3*g**2 + 2 + 7*g - 3*g + g**2. Let k be j(-2). Calculate z(k).
-2
Let g(m) be the second derivative of -m**3/3 + 9*m**2/2 + 10*m. Determine g(6).
-3
Let x(z) = -2 - 6 + 0*z + 3 - z. Let o be 2/(1*1/2). Suppose -o*l = 32 - 12. What is x(l)?
0
Let f(i) be the first derivative of -i + 4 + 5/2*i**2. Give f(1).
4
Let i be (-4)/(-8) - 6/(-4). Let b(m) = 6*m - 4 - m**i - 4*m + 1 + 3*m. Calculate b(3).
3
Let w(z) = z**2 + 2*z. Suppose 4 - 1 = b. Let r be 2 - (12/(-4) + b). Calculate w(r).
8
Suppose 13 + 12 = j + 4*g, -j + 10 = g. Suppose -k = -j*k + 4. Let o(w) = 4*w**3 + w**2. What is o(k)?
5
Let l(f) = -1 + 3*f**2 - f + 2 - 5*f**2 + 5*f. Let t(u) = -u + 9. Let o be t(9). Suppose -3*b + 3 = -2*k, 0 = -3*b - o*k - 4*k + 21. Give l(b).
-5
Let t(x) = 3*x**3 - 8 + 0*x**3 - 2*x**3 + 7. What is t(-1)?
-2
Let r(a) be the first derivative of 4*a**2 + a - 5. What is r(1)?
9
Let x(l) = l - 8. Let s = 113 + -105. What is x(s)?
0
Let k(z) = z**3 - 9*z**2 + 8*z - 2. Let d be k(8). Let f = d - -4. Let o be (f/(-8))/(2/(-8)). Let i(u) = 2*u**3 + u**2 - u + 1. What is i(o)?
3
Let r(p) = -p**2 + 2. Let v(z) be the second derivative of z**3/3 - 3*z**2 - 2*z. Let o be v(6). Suppose -o = 4*q - m, -q - 2*q + 2*m - 2 = 0. Give r(q).
-2
Let m(j) be the third derivative of -5*j**4/6 - j**3/6 - 9*j**2. What is m(-1)?
19
Let k(t) = 12*t + 5*t**2 + 0*t**3 + 5 - 10*t - t**3. Give k(5).
15
Let a(w) = -w**3 - 6*w**2 - 2*w + 3. Suppose d = -0*d + o - 7, d + 3*o + 3 = 0. Determine a(d).
15
Let i(s) = s**2 - s - 3. Let o be 1*6/(9/(-3)). Let h(b) = -3 + b - 1 + 6. Let n(l) = o*i(l) - 3*h(l). Give n(-2).
-6
Let b = -29 - -28. Let n(a) = -a - 1. Give n(b).
0
Let r = 9 + -4. Let b(v) be the first derivative of v**2/2 - 10*v - 9. Calculate b(r).
-5
Let w = -1 + 2. Let d(v) = v**3 + 5*v**2 + 2. Let s be d(-5). Let r(y) = -s + 5*y + 5 - 3. Calculate r(w).
5
Let l(z) = -5*z**2 + 4*z**2 + 2*z**3 - 8 - z**3. Suppose -2*o - q = 0, 0 = -o + 2*o + 2*q. Calculate l(o).
-8
Let x = 8 - 12. Let s(b) = b**3 + 3*b**2 - 2*b + 5. Determine s(x).
-3
Let h(p) be the third derivative of -p**4/24 + p**3/3 + 40*p**2. Give h(3).
-1
Let f = -45 + 46. Let t(g) = -17*g + 1. Determine t(f).
-16
Let k be (8/(-5))/((-2)/(-10)). Let a(z) = z + 10. What is a(k)?
2
Let l(g) be the first derivative of -g**4/4 + 4*g**3/3 + g**2 + 3*g + 4. Give l(4).
11
Let d(j) = 3*j**2 + 7*j + 2. Let a(r) be the third derivative of -r**5/6 - 7*r**4/8 - 5*r**3/6 + 2*r**2. Let l(p) = -2*a(p) - 7*d(p). What is l(-3)?
8
Let s(v) = -2 + 5*v + 2*v**3 + 5*v**2 + 2*v**2 - v**3 + 4. Give s(-6).
8
Let k be 4/5 + (-6)/(-5). Let w(l) = 3*l**k + 3 + l**2 + 2*l + 4*l**3 + 0*l - 3*l**3. Calculate w(-3).
6
Let m(f) be the first derivative of -f**4/4 - 5*f**3/3 + 4*f - 57. Calculate m(-5).
4
Let q(r) be the first derivative of -r**2 - r + 1. Let u(s) = -s**3 - s**2 + 1. Let m be u(-1). Give q(m).
-3
Suppose 3*x - 3*g - 12 = 0, 0 = -4*x + 2*g - 6*g + 40. Let b(m) = 0 + 2 + 12*m - m**2 - x*m. What is b(6)?
-4
Let x(o) = -o - 1. Let l(s) = -s**2 + 6*s + 2. Let j be l(7). What is x(j)?
4
Let z(q) = 2 - 3*q**2 + 3*q**3 - 2*q**3 - 4*q + 3*q - 4. Let l be 6/(-4)*32/(-12). Give z(l).
10
Let f = -7 - -12. Let l = -10 + f. Let d(g) = g**3 + 5*g**2 + 3*g + 7. Calculate d(l).
-8
Suppose -6 = 4*v - 22. Let f(b) = -3 + v + 2*b - b. Let o be (14/2 - 2) + 0. Determine f(o).
6
Let q(i) be the third derivative of -i**6/120 - 2*i**5/15 - i**4/4 + 2*i**3/3 + 7*i**2. What is q(-7)?
-3
Let w be 4/18 - (-1026)/(-243). Let l(s) = 8*s - 6. Let q(x) = -x + 1. Let h(b) = -l(b) - 6*q(b). What is h(w)?
8
Let o(b) = -4*b - 1. Let u be (3/(-9))/(2/(-36)). Let g(f) = -f**3 + 4*f**2 + 11*f + 7. Let y be g(u). Determine o(y).
-5
Let m = 26 - 23. Let q(r) = -r**3 + r**2 - 6*r - 3. Let d(x) = x**2 + x. Let j(i) = 3*d(i) + q(i). Determine j(m).
-3
Suppose 0 = -f - b - 4*b - 14, -f - 2 = b. Let z(w) = -w**3 - 2*w**2 + w. Determine z(f).
-2
Let j(m) = -m**2 + m - 3. Suppose 22 = 5*r - 23. Suppose q = -2*q + r. What is j(q)?
-9
Let s(x) = -x**2 + 5*x + 7. Let q(z) = -2*z**2 + 10*z + 15. Let k be 6/12 + (-6)/(-4). Let t(v) = k*q(v) - 5*s(v). Give t(5).
-5
Let a(t) = 2*t - 2. Let l(p) = 4*p - 5. Let y be 1/(-2) - (-25)/(-10). Let k(r) = y*l(r) + 7*a(r). Let u = 4 - 7. Determine k(u).
-5
Let u(f) = -4*f - 6. Let p = 0 + 3. Suppose p = -4*a - 13. Determine u(a).
10
Let j(o) = o**2 - o - 1. Let z(n) = -7*n**2 + 6*n + 10. Let r(w) = 6*j(w) + z(w). Let l be (((-24)/(-20))/(4/(-10)))/(-1). What is r(l)?
-5
Let v(r) = -r + 2 - 3 - 3. Suppose 2*d - 1 = w + 1, 1 = -d. What is v(w)?
0
Let j(k) = k**3 + 3*k**2 + 3. Let w(b) = 2*b**3 + 4*b**2 + 4. Let o(s) = -3*j(s) + 2*w(s). Suppose 0 = -4*z - 4*q + 12, 2*z - 3*q = -4 + 5. Calculate o(z).
3
Let n = -7 - -9. Let z(v) = 37*v - 1 - 6*v**n + v**3 - 30*v - v**2. Suppose 3*u + 2*h = 10, -u + 0*h = -h - 10. Give z(u).
5
Let a = 1 - 1. Let b = 0 - a. Suppose 3*i + 3 + 0 = b. Let o(t) = 4*t. Determine o(i).
-4
Let z(b) = 2*b - 4. Suppose -6 = j + 5*r, -r = 3*j - 2 + 48. Let c be (-68)/j - (-6)/8. Let o be c + (-4 - -2) - 0. Calculate z(o).
2
Let f(x) = 29*x**2 - 2*x - 1. Let h = 35 + -36. Determine f(h).
30
Let r(d) be the third derivative of -d**4/24 - 3*d**3/2 + 5*d**2. Let v be (6/(-1))/(3/2). Calculate r(v).
-5
Let g be 0 - (-9 - 3)/3. Let w(c) = 5*c**3 + 9*c**2 + c - 5. Let z(r) = 4*r**3 + 8*r**2 + r - 4. Let v(f) = g*z(f) - 3*w(f). Give v(-4).
11
Let a be (4/(-10))/((-1)/15). Suppose 2*d + 2 = a. Let x(o) be the second derivative of o**5/20 - o**4/6 + o**3/3 - o**2/2 + 27*o. What is x(d)?
3
Let w(v) = -v**2 + 3*v + 2. Let g = 10 + -6. Suppose -q = -0 - g. Suppose 4 + q = 2*m. What is w(m)?
-2
Let k(m) = -5*m - 3. Let u(f) = 3*f + 2. Let h(z) = 2*k(z) + 3*u(z). Give h(-8).
8
Let y(f) = f - 18. Let u be y(0). Let i = 19 + u. Let m(a) = -11*a + 4. Let h(r) = -11*r + 3. Let n(v) = 5*h(v) - 4*m(v). Determine n(i).
-12
Le